hen k is divided by 24.
19
Suppose 2*q - 6 = 0, -4*q + 68 = g - 0*q. What is the remainder when g is divided by 13?
4
Let w(u) = u**2 - u + 2. Let t(p) = 21*p**2 - 557*p + 559. Calculate the remainder when t(1) is divided by w(-2).
7
Let f = -1088 + 1137. What is the remainder when 366 is divided by f?
23
Let c(j) = j**3 + 11*j**2 - 11*j - 27. Let h be c(-11). Suppose 0 = 7*o + 24 - h. Calculate the remainder when 16 is divided by o.
6
Suppose -5*q = u - 30, u = -2*q + 2*u + 12. Let y(f) = 9*f**2 + 7. Let d be y(3). Let t = -66 + d. What is the remainder when t is divided by q?
4
What is the remainder when ((-11235)/(-49) - 1) + (-4)/14 is divided by 21?
18
Suppose 4*n - 24 = n. Calculate the remainder when 25 is divided by (-18*n/(-64))/((-2)/(-8)).
7
Suppose -r - 8 = 3*r. What is the remainder when 12 is divided by r/5 + 351/65?
2
Suppose -3*g + 6 = 3*q, 3*g + 1 = 4*q - 21. Let b be (-5 - g)*12/(-9). Suppose 0 = -3*t + b + 17. What is the remainder when t is divided by 3?
1
Let u(h) = h**2 + 60*h + 295. What is the remainder when 245 is divided by u(-5)?
5
Suppose 2*f + 3*w = 42, -15 - 23 = -2*f - 4*w. What is the remainder when 49 is divided by f?
22
What is the remainder when (9 + 0 - 10)/((-2)/108) is divided by 34?
20
Let n(d) = 2*d**2 + 22*d + 15. Let v be n(-11). What is the remainder when 648/v - 8/30*-3 is divided by 11?
0
Suppose 4*s - 18 - 1 = -5*l, -3*l + 5*s = -41. Suppose -l*t + 2*t - 3*h = -39, 3*t - 3 = 5*h. What is the remainder when 33 is divided by t?
3
Calculate the remainder when 610 is divided by (-7 + (-40)/(-24) + -2)*-3.
16
Let c = 1519 - 1475. Calculate the remainder when 52 is divided by c.
8
Let d be 4/(-22) - (-414)/99. Suppose 2*h + 5*g = -8 + 1, -4 = 2*h + d*g. Calculate the remainder when 44 is divided by 54/h + 3/(-2).
8
Let x(h) = h**2 + 8*h - 44. What is the remainder when 18 is divided by x(-12)?
2
Let y be (-2 - (-21)/3) + -3. Suppose -2*w - 31 = -3*a, -25 = -a - 5*w + y*w. What is the remainder when 17 is divided by a?
4
Let d(c) = 16*c + 630. Calculate the remainder when d(43) is divided by 33.
31
Let y = 10 - -97. Calculate the remainder when y is divided by 56.
51
Let i = -229 + 230. Let o = 75 + -60. Calculate the remainder when o is divided by i.
0
Suppose 2*b - 10 = -5*y, 4*b - 3*y = 2*b + 26. Suppose 2*f - 3*h - 25 = 50, 15 = 3*h. What is the remainder when f is divided by b?
5
Suppose 8*u - 13*u + 2840 = 0. Calculate the remainder when u is divided by 5.
3
Suppose -5*l + 47 - 12 = 0. Calculate the remainder when 489 is divided by l.
6
What is the remainder when 28 is divided by ((-5)/2)/(12/(-24))?
3
Suppose -2*l + 36 = -46. Let j = -20 + 42. What is the remainder when l is divided by j?
19
Suppose -59 = -5*l - 2*t + 50, 3*l - 53 = 5*t. Calculate the remainder when l is divided by 16.
5
Calculate the remainder when (231/(-99))/((-2)/612) is divided by 65.
64
Let d = -34 + 54. What is the remainder when 3/8*(-36)/(-27)*130 + -6 is divided by d?
19
Let j = -13 + 649. What is the remainder when j is divided by 7?
6
Suppose 0 = 12*u - 43 + 7. What is the remainder when 7 is divided by -6*(3 + (-11)/u)?
3
Let o(z) = -30*z + 2. Let a be o(-4). Suppose 50 - a = -2*f. Let n = f + -22. What is the remainder when 55 is divided by n?
13
Suppose 7*c - 56 = 3*c. Calculate the remainder when 31 is divided by c.
3
Let z(p) = -18*p**2 + 384*p + 7. What is the remainder when z(21) is divided by 34?
31
Let l = 327 + -322. What is the remainder when 28 is divided by l?
3
Suppose -3*j + 6*p + 313 = 11*p, p = -2*j + 197. Calculate the remainder when 286 is divided by j.
94
Let i(c) = c - 1. Let z be i(4). Let x be z*(-2 - 6/(-9)). What is the remainder when (x - 20)*7/(-4) is divided by 11?
9
Let q be -4 - (-20 - (-4)/4). Let o = q - 13. Suppose -5*j = -3*s - 5 - 9, 2*s - 3*j = -8. Calculate the remainder when s is divided by o.
0
Suppose 5*r - z + 2 = 4*r, -4*r + 3*z = 4. Let k = 6 + r. Calculate the remainder when 24 + (-2 - (-1 - 0)) is divided by k.
7
Suppose -j + 3 = 0, 2*q + 135 - 144 = -j. What is the remainder when q is divided by 3?
0
Suppose -30 = 4*h + 3*p, 36 = 3*h - 8*h - 3*p. Calculate the remainder when (-9)/(-4)*(-36)/(-3) is divided by (20/6)/((-2)/h).
7
Let z(u) = 3*u**3 + 2*u**2 - 2*u + 1. Let n be ((-2)/(-2) - 0)*(20 + -18). Calculate the remainder when (n + 2)/(-8)*20/(-1) is divided by z(1).
2
Suppose -5*r + 5*n = -1355, 9*n - 266 = -r + 5*n. Calculate the remainder when r is divided by 39.
36
Suppose -l = r + 24 - 210, 5*l - 363 = -2*r. Let u = r - 134. What is the remainder when u is divided by 29?
26
Suppose -y = y - o - 745, y - 375 = -2*o. What is the remainder when y is divided by 95?
88
Let i(d) = -d**2 - 10*d - 6. Let t = 17 - 25. Let y be i(t). Calculate the remainder when 38 is divided by (-588)/(-30) + 4/y.
18
Let y(g) = 2*g**2 - 5*g + 1. Let j be y(4). Suppose -5 = -2*k + j. Suppose 2 = 2*u - 68. Calculate the remainder when u is divided by k.
8
Let p = 368 - 352. Suppose 0 = m - 4*m + 27. Calculate the remainder when p is divided by m.
7
Suppose -3*r + 589 = n - 7*r, 0 = 5*r + 5. What is the remainder when n is divided by 30?
15
Calculate the remainder when 119 is divided by (-780)/(-91)*(-14)/(-4).
29
Let s(r) = -r**2 + 7*r - 2. Let i(y) = -y**2 - 18*y - 59. Let h be i(-18). Let j = -46 - h. What is the remainder when j is divided by s(5)?
5
Let r be 16/(-12)*(-9)/(-2). Let b = r + 6. Suppose b = -5*y + 3*y + 30. Calculate the remainder when y is divided by 8.
7
Let d = 117 - 109. What is the remainder when 113 is divided by 187/d + (-3)/8?
21
Suppose -y + 76 = y + 4*r, 5*y - 3*r - 138 = 0. Calculate the remainder when 418 is divided by y.
28
Suppose 4*j - 3*b = 27, -3*b + 18 - 3 = 3*j. Calculate the remainder when 46 is divided by j.
4
Suppose 20 = -3*a + 8*a. Suppose -a*d + 80 = -348. Suppose -3*f - i = -76, 2*i = -i - 15. Calculate the remainder when d is divided by f.
26
Let l = 32 - 32. Suppose 13 = -0*v + v + f, 5*v - 2*f - 86 = l. What is the remainder when v is divided by 6?
4
Suppose 3*v = -2*a + 90, 68 + 31 = 3*v - a. Calculate the remainder when 91 is divided by v.
27
Calculate the remainder when 1*-98*3/(-6) is divided by (-9394)/(-488) + (-2)/8.
11
Let p(j) = -6*j + 2. What is the remainder when p(-5) is divided by (2354/535)/((-2)/(-5))?
10
Suppose 0 = 7*b + 25 - 144. Calculate the remainder when b is divided by 2 + 2 + 2 + -3.
2
What is the remainder when 30 is divided by (1 - -16) + 35/5 + -8?
14
Let z be 88/(-32) + 3/4. Let h be 11/(z + 28/12). Let n = -15 + h. Calculate the remainder when n is divided by 10.
8
Let p be 3/(-5)*(-2 - 3). Suppose -6*d + 2*d = -2*j + 24, -p*d + 21 = 5*j. What is the remainder when (492/j)/((-1)/(-1)) is divided by 21?
19
Suppose 16*u + 242 = 27*u. What is the remainder when 108 is divided by u?
20
Suppose 5*k = -2*z + 80, -22 = -z + 2*k - 0. Suppose -b - 1 = -2*w + 19, -4*w + 4*b = -36. Calculate the remainder when z is divided by w.
8
What is the remainder when 2360/413*42/4 is divided by 8?
4
Calculate the remainder when (-6)/(((-15)/12)/5) is divided by 8.
0
Let o be 671/11 - 3/1. Let f = o - 20. Let u = -24 + f. Calculate the remainder when 52 is divided by u.
10
Let p be (-27)/45 - 22/5. Let s(j) = -j - 3. Let h be s(p). Suppose 17 = -v + h*v. What is the remainder when 31 is divided by v?
14
Suppose 5*n = y + 52, 2*y = -3*y - 10. What is the remainder when 179 is divided by n?
9
Let n = 271 - 107. Calculate the remainder when n is divided by 63.
38
Let r(s) = -7*s + 49. What is the remainder when 189 is divided by r(5)?
7
Suppose -3*o + 27 = -2*n, 5*n + 65 = 8*o - 3*o. Calculate the remainder when n/(-24)*(-404)/(-2) is divided by 26.
23
Let p = 174 + -151. Let l = -36 + 79. What is the remainder when l is divided by p?
20
Suppose 3*k - 6*k = 0. Let i be k + 15 + (-1 - -1). Let a = i - -6. What is the remainder when a is divided by 6?
3
Let n(c) = -c + 6. Let i be n(-6). Let q(o) = o**3 + 18*o**2 - 17*o + 53. Calculate the remainder when 501/i - (-2)/8 is divided by q(-19).
12
Let g be 3/1 + -3 + 24. Let z = g - -58. What is the remainder when z is divided by 28?
26
Let z be 158/(-14) + 4/14. Let h = z + 3. What is the remainder when 81 is divided by (-170)/h + (-1)/4?
18
Let w(z) = -z**2 + 4*z + 12. Suppose 2*x - 4*b = -10,